). Suppose 4*h = o + 56, h + 3*o - 40 = -z*h. Suppose 2 = f - 6. What is the remainder when h is divided by f?
5
Calculate the remainder when 232 is divided by 4/(-2) + 13/(-52)*-244.
55
What is the remainder when (-5)/(30/12) - -165 is divided by 41?
40
Let p be (60/80)/(1/4). Suppose -5 = -5*s, -u - p + 12 = -4*s. Calculate the remainder when 48 is divided by u.
9
Let r = -38 - -24. Let h(v) = -v**3 - 15*v**2 - 15*v + 16. Let f be h(r). What is the remainder when 12 is divided by 3/(-15) + 156/f?
2
Calculate the remainder when (0 - 5)*(22832/(-80))/1 is divided by 65.
62
Suppose 6*o - 2*o = -5*l + 235, 0 = -4*l + 3*o + 219. Let m = 37 + -19. What is the remainder when l is divided by m?
15
Suppose d - 160 = -w, 15*d + 4*w = 13*d + 326. Calculate the remainder when d is divided by 81.
76
Let n(y) = y**3 + 8*y**2 + 7*y - 9. Let p be n(-7). Let i(a) = -a + 5. Let b(u) = 4*u + 1. Calculate the remainder when b(10) is divided by i(p).
13
Suppose 0 = 2*g + s - 55, 33 = -0*g + g - 5*s. What is the remainder when 107 is divided by g?
23
What is the remainder when 79 is divided by -3 - 5*(-6 + 322/(-35))?
6
Let r(j) be the second derivative of -j**4/12 - 3*j**3 - 55*j**2/2 + 3*j. What is the remainder when r(-8) is divided by 9?
7
Let c = -89 + 404. Suppose 6*m - 267 = c. Let i(x) = 13*x - 1. What is the remainder when m is divided by i(2)?
22
Let u = -28 - -45. Let h(k) = 23*k - 27. Let p(z) = 34*z - 41. Let w(g) = 8*h(g) - 5*p(g). Calculate the remainder when w(3) is divided by u.
14
Suppose 18 = -232*b + 235*b. What is the remainder when 70 is divided by b?
4
Let l = 775 - 163. Calculate the remainder when l is divided by 15.
12
Let p = -2239 - -2394. Calculate the remainder when p is divided by 22.
1
Suppose -3*c + 4*w + 138 = 46, c - 3*w = 34. Let x = -10 + 14. Suppose -3*j = -14 - x. What is the remainder when c is divided by j?
4
Let s(k) = -k**3 - 9*k**2 + k + 13. Let i be s(-9). Suppose 4*r + 4*h = -6 + 30, -i*r + 39 = -h. What is the remainder when r is divided by 3?
0
Let x = 313 - 37. What is the remainder when x is divided by 40?
36
Suppose 2*k - 3*x + 3 = 128, 3 = -x. Let t = k - 32. Calculate the remainder when 127 is divided by t.
23
Let s be 2*18/(-24) - 98/(-4). Let y = -4 + s. Suppose -4*i - 21 = -5*z + 29, 10 = z - i. What is the remainder when y is divided by z?
9
Suppose 4*z - 3*z - 11 = 0. Let c be (108/(-30)*-3)/(6/(-40)). Let p = -44 - c. What is the remainder when p is divided by z?
6
Let a be (5/15)/(3/18). Suppose -2*g = -a*r - 164, 2*g + 2*r - 168 = -0*r. Calculate the remainder when g is divided by 17.
15
Suppose m + 3*l - 13 = 0, 0*m - 74 = -4*m - l. Suppose -r - 2*r = -18. Let y = r + -1. What is the remainder when m is divided by y?
4
Let k(z) = 3*z - 22. Calculate the remainder when 30 is divided by k(10).
6
What is the remainder when ((-20)/15)/(5 + (-934)/186) is divided by 25?
12
Suppose h - 3*m - 9 = 0, 2*h + m + 36 = 6*h. Suppose 5*a - 5*i + h*i = 205, 0 = -3*i. What is the remainder when a is divided by 11?
8
Suppose -5 = -5*n + 5. Suppose -3*m = -4*f + 21, -f - m = n*f - 6. Suppose f*a + 28 = 7*a. What is the remainder when 10 is divided by a?
3
Let r(l) = -l**2 + 4 - 6 + 7. Let z be r(7). Let d = 169 + z. Calculate the remainder when d is divided by 32.
29
Suppose x + 3*l - 524 = 0, 3*x - 8*x + 3*l + 2566 = 0. Calculate the remainder when x is divided by 74.
71
Let o be (-34)/(-4) - 1/2. Suppose -5*a + o = -42. Suppose 3*y - 61 = -a. Calculate the remainder when 65 is divided by y.
14
Let p = -26 + 32. What is the remainder when 22 is divided by (28/12)/(1/p)?
8
Let h be (-80)/4*2/(-5). Suppose -h + 18 = r. Calculate the remainder when r is divided by (-4)/12*(1 + -10).
1
Suppose -18*x = 229 - 1741. What is the remainder when x is divided by 83?
1
Let j be 266/56*(-5)/(10/(-24)). Let s = j + -44. What is the remainder when 24 is divided by s?
11
Let d = 397 - 383. What is the remainder when 294 is divided by d?
0
Suppose -3*i - 7 = -55. Let f = 26 - i. Suppose -13*q + f = -8*q. Calculate the remainder when 6 is divided by q.
0
Suppose -3*z = -4*h + 183, 2*z - 123 = -4*h + 35. Calculate the remainder when h is divided by 51/102 + (-42)/(-4).
9
Suppose 5*m = 2*y + 215, -24*m = -27*m - 5*y + 129. Calculate the remainder when m is divided by (-2)/2*(1 - 12).
10
Suppose 0 = t + a - 3 - 5, 3*t - 5*a = 48. Calculate the remainder when t is divided by 3.
2
Let m(t) = 19*t + 139. What is the remainder when m(-3) is divided by 14?
12
Let a = -6 + 12. Suppose 9*y = 8*y - a. What is the remainder when y/(-39) - 772/(-52) is divided by 6?
3
Let h(f) = 3*f - 2*f - 1 - 5*f. Let v be h(-1). Suppose -4*d + 20 = 4*j - 2*j, -4*d - 10 = -v*j. Calculate the remainder when j is divided by 2.
0
Suppose a - 14 + 9 = 0. Suppose -a*s = -0 - 80. What is the remainder when (20/16 + 2)*s is divided by 18?
16
Let d(b) = -b**3 - 22*b**2 - 19*b + 44. Let p be d(-21). What is the remainder when 212/p + 5 + -4 is divided by 29?
20
Let l = -22 - -24. Let m = 12 - l. Suppose -3*o - 5*c + 41 = 0, 0 = -5*o - 2*c + 33 + m. Calculate the remainder when 19 is divided by o.
5
Suppose 0 = 13*x + 12*x - 750. Suppose 19 = 2*u - 253. Suppose 0 = -3*w + u + 128. Calculate the remainder when w is divided by x.
28
Suppose 2*s + 29 - 29 = 0. Suppose s = -4*n + 167 - 35. What is the remainder when n is divided by 12?
9
Let q = -58 + 58. Calculate the remainder when 22 is divided by q - (-1)/((-2)/(-8)).
2
Suppose -5*z = -j - 0*j + 698, -1396 = -2*j - 3*z. Calculate the remainder when j is divided by 28.
26
Suppose 5*q = -q + 684. What is the remainder when q is divided by 23?
22
Let n(q) = q**3 + 5*q**2 - 3*q + 3. Let v(z) = -2030*z - 10088. Calculate the remainder when v(-5) is divided by n(-5).
8
Suppose 5*l + 5*k - 280 = 0, -5*l - 2*k = -l - 226. Let c = l - 10. Suppose -4*q = -q + 2*z - 47, -z + 83 = 5*q. Calculate the remainder when c is divided by q.
13
Let k(i) = 0*i + 36 - 4*i + 4*i + i. Let f(r) = 3*r + 4. Calculate the remainder when k(-11) is divided by f(3).
12
Let u = -2 - -10. Let v = 271 + -135. Suppose -5*p + 49 + v = 0. What is the remainder when p is divided by u?
5
Let l = -29 + 302. Suppose 14*g - 21*g = -l. Calculate the remainder when 191 is divided by g.
35
Let f = -796 + 1341. Calculate the remainder when f is divided by 55.
50
Let x(o) = o**2 + 5*o. Let s be x(-4). Suppose -5*b + 3*r + 664 = r, 4*b - 2*r - 530 = 0. Calculate the remainder when b is divided by (-130)/s + 24/16.
32
Suppose 0*w + 4*l - 37 = -5*w, 16 = 2*w + 2*l. Calculate the remainder when 16 is divided by (3 - w)/(-8)*36.
7
Suppose -k = -0*k - w - 61, -242 = -4*k + 3*w. Suppose 2*z - 13 - 17 = 0. What is the remainder when k is divided by z?
14
Let r be (-89)/8 + (-3)/(-24). Let p(q) = q**2 + 9*q - 17. Calculate the remainder when 24 is divided by p(r).
4
Suppose 476*r = 475*r + 157. Calculate the remainder when r is divided by 32.
29
Let h(a) = 40*a + 60. What is the remainder when h(0) is divided by 21?
18
Let a be 10/(-6)*1*(-6 + 24). Let s = a + 43. What is the remainder when 48 is divided by s?
9
Let o(b) = 17*b**2 - 4*b + 12. Calculate the remainder when o(2) is divided by 47.
25
Suppose 2*l - 71 = 47. Suppose -4*t + 2*f = -62, -3*t + f + l = t. Calculate the remainder when 27 is divided by t.
13
Suppose 0 = -2*c + c + 3*h - 7, -3*h = -4*c + 8. Suppose -2*a + 4*a - 192 = -c*l, 3*l + 2*a = 116. Calculate the remainder when l is divided by 90/7 + 70/490.
12
Let i be 9*((-3)/15 + 4/(-5)). Calculate the remainder when 129 is divided by 30 + (-29)/i + (-4)/18.
30
Let l(b) = 6*b - 9. Let d be l(5). What is the remainder when 42 is divided by ((-4)/(-14))/(d/1617)?
20
Suppose 11 - 37 = -2*q. Suppose 4*h + 5*v = 214, 23*h - 24*h + 41 = -5*v. What is the remainder when h is divided by q?
12
Let i(f) = -f - 8. Let p be i(5). Let y = p - 0. What is the remainder when 4 is divided by y/(-3) - (-3)/(-9)?
0
Suppose 3*i - 76 + 7 = 0. Let a = i + -6. Let j = 13 + -3. Calculate the remainder when a is divided by j.
7
Calculate the remainder when 90 is divided by -2*1/4*-26.
12
Suppose 2*z - 18 = -x - 2*z, -4*x + 4*z + 12 = 0. Suppose -7*s = -x*s + 2. What is the remainder when (3/s)/((-1)/6) is divided by 4?
1
Let v = -688 - -699. What is the remainder when 104 is divided by